{"id":215,"date":"2017-12-11T15:58:19","date_gmt":"2017-12-11T12:58:19","guid":{"rendered":"https:\/\/demo.themegrill.com\/colormag-beauty-blog\/?page_id=215"},"modified":"2025-06-12T03:43:36","modified_gmt":"2025-06-12T00:43:36","slug":"hizmetlerimiz","status":"publish","type":"page","link":"https:\/\/www.atatoyota.com\/index.php\/hizmetlerimiz\/","title":{"rendered":"Hizmetlerimiz"},"content":{"rendered":"\t\t<div data-elementor-type=\"wp-post\" data-elementor-id=\"215\" class=\"elementor elementor-215\">\n\t\t\t\t\t\t<section class=\"elementor-section elementor-top-section elementor-element elementor-element-3a49890 elementor-section-boxed elementor-section-height-default elementor-section-height-default\" data-id=\"3a49890\" data-element_type=\"section\">\n\t\t\t\t\t\t<div class=\"elementor-container elementor-column-gap-default\">\n\t\t\t\t\t<div class=\"elementor-column elementor-col-100 elementor-top-column elementor-element elementor-element-49ce77b\" data-id=\"49ce77b\" data-element_type=\"column\">\n\t\t\t<div class=\"elementor-widget-wrap elementor-element-populated\">\n\t\t\t\t\t\t<div class=\"elementor-element elementor-element-4363013 elementor-widget elementor-widget-toggle\" data-id=\"4363013\" data-element_type=\"widget\" data-widget_type=\"toggle.default\">\n\t\t\t\t<div class=\"elementor-widget-container\">\n\t\t\t\t\t\t\t<div class=\"elementor-toggle\">\n\t\t\t\t\t\t\t<div class=\"elementor-toggle-item\">\n\t\t\t\t\t<div id=\"elementor-tab-title-7061\" class=\"elementor-tab-title\" data-tab=\"1\" role=\"button\" aria-controls=\"elementor-tab-content-7061\" aria-expanded=\"false\">\n\t\t\t\t\t\t\t\t\t\t\t\t<span class=\"elementor-toggle-icon elementor-toggle-icon-left\" aria-hidden=\"true\">\n\t\t\t\t\t\t\t\t\t\t\t\t\t\t\t<span class=\"elementor-toggle-icon-closed\"><i class=\"fas fa-caret-right\"><\/i><\/span>\n\t\t\t\t\t\t\t\t<span class=\"elementor-toggle-icon-opened\"><i class=\"elementor-toggle-icon-opened fas fa-caret-up\"><\/i><\/span>\n\t\t\t\t\t\t\t\t\t\t\t\t\t<\/span>\n\t\t\t\t\t\t\t\t\t\t\t\t<a class=\"elementor-toggle-title\" tabindex=\"0\">Genel<\/a>\n\t\t\t\t\t<\/div>\n\n\t\t\t\t\t<div id=\"elementor-tab-content-7061\" class=\"elementor-tab-content elementor-clearfix\" data-tab=\"1\" role=\"region\" aria-labelledby=\"elementor-tab-title-7061\"><ul>\n<li><u><i><b>Ara\u00e7 Teslim<\/b><\/i><\/u>&nbsp;&nbsp;Ara\u00e7 teslim alma, ara\u00e7 kabul dan\u0131\u015fman\u0131 taraf\u0131ndan ara\u00e7 \u00f6n kotrol (ara\u00e7 i\u00e7indeki e\u015fyalar, yakit, ara\u00e7ta olu\u015fan \u00e7izik, genel durum) yap\u0131larak al\u0131n\u0131r. Veya m\u00fc\u015fteri isterse i\u015f yeri veya evinden de teslim alinabilir, yerinde teslim edilebilir. Yerinde \u00f6deme kolayl\u0131\u011f\u0131 da sa\u011flanabilir.<\/li>\n<li>\n<p><u><b><i>Te\u015fhis<\/i><\/b><\/u>&nbsp; Steteskop, test cihaz\u0131, boya kal\u0131nl\u0131k cihaz\u0131, klima ka\u00e7ak cihaz\u0131, karbon dioksit \u00f6l\u00e7\u00fcm cihaz\u0131 ekipmanlar\u0131m\u0131z ile tecrubeli personelimiz taraf\u0131ndan en ince ayr\u0131nt\u0131s\u0131 ile yap\u0131l\u0131r.<\/p>\n<\/li>\n<li><u><strong><i>Bak\u0131m Onar\u0131m A\u015famas\u0131<\/i><\/strong><\/u>&nbsp;&nbsp;De\u011ferli m\u00fc\u015fterilerimiz ara\u00e7lar\u0131n\u0131n bak\u0131m ve onar\u0131mlar\u0131 s\u0131ras\u0131nda; ikramlar\u0131m\u0131zdan faydalanarak, wireless cafe, \u00e7ay, so\u011fuk i\u00e7ecekler, TV, gazete, dergilerden faydalanarak vakit ge\u00e7irebilirler.<\/li>\n<\/ul><\/div>\n\t\t\t\t<\/div>\n\t\t\t\t\t\t\t<div class=\"elementor-toggle-item\">\n\t\t\t\t\t<div id=\"elementor-tab-title-7062\" class=\"elementor-tab-title\" data-tab=\"2\" role=\"button\" aria-controls=\"elementor-tab-content-7062\" aria-expanded=\"false\">\n\t\t\t\t\t\t\t\t\t\t\t\t<span class=\"elementor-toggle-icon elementor-toggle-icon-left\" aria-hidden=\"true\">\n\t\t\t\t\t\t\t\t\t\t\t\t\t\t\t<span class=\"elementor-toggle-icon-closed\"><i class=\"fas fa-caret-right\"><\/i><\/span>\n\t\t\t\t\t\t\t\t<span class=\"elementor-toggle-icon-opened\"><i class=\"elementor-toggle-icon-opened fas fa-caret-up\"><\/i><\/span>\n\t\t\t\t\t\t\t\t\t\t\t\t\t<\/span>\n\t\t\t\t\t\t\t\t\t\t\t\t<a class=\"elementor-toggle-title\" tabindex=\"0\">Hibrit Ara\u00e7lar<\/a>\n\t\t\t\t\t<\/div>\n\n\t\t\t\t\t<div id=\"elementor-tab-content-7062\" class=\"elementor-tab-content elementor-clearfix\" data-tab=\"2\" role=\"region\" aria-labelledby=\"elementor-tab-title-7062\"><ul><li>Hibrit sistem bak\u0131m \/ onar\u0131m<\/li><li>Hibrit filtre de\u011fi\u015fim<\/li><\/ul><\/div>\n\t\t\t\t<\/div>\n\t\t\t\t\t\t\t<div class=\"elementor-toggle-item\">\n\t\t\t\t\t<div id=\"elementor-tab-title-7063\" class=\"elementor-tab-title\" data-tab=\"3\" role=\"button\" aria-controls=\"elementor-tab-content-7063\" aria-expanded=\"false\">\n\t\t\t\t\t\t\t\t\t\t\t\t<span class=\"elementor-toggle-icon elementor-toggle-icon-left\" aria-hidden=\"true\">\n\t\t\t\t\t\t\t\t\t\t\t\t\t\t\t<span class=\"elementor-toggle-icon-closed\"><i class=\"fas fa-caret-right\"><\/i><\/span>\n\t\t\t\t\t\t\t\t<span class=\"elementor-toggle-icon-opened\"><i class=\"elementor-toggle-icon-opened fas fa-caret-up\"><\/i><\/span>\n\t\t\t\t\t\t\t\t\t\t\t\t\t<\/span>\n\t\t\t\t\t\t\t\t\t\t\t\t<a class=\"elementor-toggle-title\" tabindex=\"0\">DPF Partik\u00fcl Temizlik<\/a>\n\t\t\t\t\t<\/div>\n\n\t\t\t\t\t<div id=\"elementor-tab-content-7063\" class=\"elementor-tab-content elementor-clearfix\" data-tab=\"3\" role=\"region\" aria-labelledby=\"elementor-tab-title-7063\"><ul><li>DPF Partik\u00fcl Temizlik<\/li><\/ul><\/div>\n\t\t\t\t<\/div>\n\t\t\t\t\t\t\t<div class=\"elementor-toggle-item\">\n\t\t\t\t\t<div id=\"elementor-tab-title-7064\" class=\"elementor-tab-title\" data-tab=\"4\" role=\"button\" aria-controls=\"elementor-tab-content-7064\" aria-expanded=\"false\">\n\t\t\t\t\t\t\t\t\t\t\t\t<span class=\"elementor-toggle-icon elementor-toggle-icon-left\" aria-hidden=\"true\">\n\t\t\t\t\t\t\t\t\t\t\t\t\t\t\t<span class=\"elementor-toggle-icon-closed\"><i class=\"fas fa-caret-right\"><\/i><\/span>\n\t\t\t\t\t\t\t\t<span class=\"elementor-toggle-icon-opened\"><i class=\"elementor-toggle-icon-opened fas fa-caret-up\"><\/i><\/span>\n\t\t\t\t\t\t\t\t\t\t\t\t\t<\/span>\n\t\t\t\t\t\t\t\t\t\t\t\t<a class=\"elementor-toggle-title\" tabindex=\"0\">Check-Up<\/a>\n\t\t\t\t\t<\/div>\n\n\t\t\t\t\t<div id=\"elementor-tab-content-7064\" class=\"elementor-tab-content elementor-clearfix\" data-tab=\"4\" role=\"region\" aria-labelledby=\"elementor-tab-title-7064\"><ul><li>Fren<\/li><li>\u015eanzuman<\/li><li>Direksiyon<\/li><li>Motor<\/li><li>Turbo<\/li><li>Ya\u011f + Filtresi<\/li><li>Klima + Filtresi<\/li><li>Polen Filtresi<\/li><li>Hibrit Filtresi<\/li><li>Silecekler<\/li><li>Lastikler<\/li><\/ul><\/div>\n\t\t\t\t<\/div>\n\t\t\t\t\t\t\t<div class=\"elementor-toggle-item\">\n\t\t\t\t\t<div id=\"elementor-tab-title-7065\" class=\"elementor-tab-title\" data-tab=\"5\" role=\"button\" aria-controls=\"elementor-tab-content-7065\" aria-expanded=\"false\">\n\t\t\t\t\t\t\t\t\t\t\t\t<span class=\"elementor-toggle-icon elementor-toggle-icon-left\" aria-hidden=\"true\">\n\t\t\t\t\t\t\t\t\t\t\t\t\t\t\t<span class=\"elementor-toggle-icon-closed\"><i class=\"fas fa-caret-right\"><\/i><\/span>\n\t\t\t\t\t\t\t\t<span class=\"elementor-toggle-icon-opened\"><i class=\"elementor-toggle-icon-opened fas fa-caret-up\"><\/i><\/span>\n\t\t\t\t\t\t\t\t\t\t\t\t\t<\/span>\n\t\t\t\t\t\t\t\t\t\t\t\t<a class=\"elementor-toggle-title\" tabindex=\"0\">Periyodik Bak\u0131m<\/a>\n\t\t\t\t\t<\/div>\n\n\t\t\t\t\t<div id=\"elementor-tab-content-7065\" class=\"elementor-tab-content elementor-clearfix\" data-tab=\"5\" role=\"region\" aria-labelledby=\"elementor-tab-title-7065\"><ul><li><strong>Neden gereklidir ?<\/strong> \u00a0\u00a0Periyodik bak\u0131m arac\u0131n\u0131z\u0131 \u00e7ok uzun s\u00fcreler sorunsuz sa\u011fl\u0131kl\u0131 ve g\u00fcvenle kullanman\u0131z i\u00e7in gerekli olan bak\u0131mlard\u0131r.<\/li><li><strong>Ne zaman yapt\u0131r\u0131lmal\u0131d\u0131r ?<\/strong> \u00a0\u00a0\u00dcretici firman\u0131n uygun g\u00f6rd\u00fc\u011f\u00fc standartlarda yap\u0131l\u0131r. Bu standart her 10.000 km de bir veya 6 ayda kontrold\u00fcr. Bunlar yap\u0131lam\u0131yorsa enaz y\u0131lda bir arac\u0131n\u0131za y\u0131ll\u0131k bak\u0131m yap\u0131lmal\u0131d\u0131r.<\/li><li><strong>Kime yapt\u0131r\u0131lmal\u0131d\u0131r ?<\/strong> \u00a0\u00a0\u00dcretici firmadan yeterli e\u011fitimi alm\u0131\u015f, el becerisi ve katalog kullanimi eksiksiz olan teknisyenler taraf\u0131ndan yap\u0131lmal\u0131d\u0131r.<\/li><li><strong>Periyodu ne olmal\u0131d\u0131r ?<\/strong> \u00a0\u00a0Her 10.000 \/ 20.000 \/ 30.000 \/ 40.000 kilometre ve katlar\u0131, veya 6 ayda bir kontrol yap\u0131lmal\u0131. Y\u0131lda bir ya\u011f de\u011fi\u015fimi \u015feklinde olmal\u0131d\u0131r.<\/li><li><strong>Hangi bak\u0131m neyi kapsar ?<\/strong><\/li><\/ul><p>10.000 Km: genel bak\u0131m, genel kontrol, yag ve filtre de\u011fi\u015fimi.<\/p><p>20.000 Km: genel bak\u0131m, genel kontrol, yag ve filtre de\u011fi\u015fimi, lastik rotasyon, balans, dizellerde yak\u0131t filtre de\u011fi\u015fimi.<\/p><p>30.000 Km: genel bak\u0131m, genel kontrol, yag ve filtre de\u011fi\u015fimi, polen filtre de\u011fi\u015fimi (baz\u0131 modellerde)<\/p><p>40.000 Km: genel bak\u0131m, genel kontrol, yag ve filtre de\u011fi\u015fimi, hava filtre de\u011fi\u015fimi, yak\u0131t filtre de\u011fi\u015fimi, buji de\u011fi\u015fimi, polen filtre de\u011fi\u015fimi, lastik balans, rotasyon.<\/p><\/div>\n\t\t\t\t<\/div>\n\t\t\t\t\t\t\t<div class=\"elementor-toggle-item\">\n\t\t\t\t\t<div id=\"elementor-tab-title-7066\" class=\"elementor-tab-title\" data-tab=\"6\" role=\"button\" aria-controls=\"elementor-tab-content-7066\" aria-expanded=\"false\">\n\t\t\t\t\t\t\t\t\t\t\t\t<span class=\"elementor-toggle-icon elementor-toggle-icon-left\" aria-hidden=\"true\">\n\t\t\t\t\t\t\t\t\t\t\t\t\t\t\t<span class=\"elementor-toggle-icon-closed\"><i class=\"fas fa-caret-right\"><\/i><\/span>\n\t\t\t\t\t\t\t\t<span class=\"elementor-toggle-icon-opened\"><i class=\"elementor-toggle-icon-opened fas fa-caret-up\"><\/i><\/span>\n\t\t\t\t\t\t\t\t\t\t\t\t\t<\/span>\n\t\t\t\t\t\t\t\t\t\t\t\t<a class=\"elementor-toggle-title\" tabindex=\"0\">Mekanik<\/a>\n\t\t\t\t\t<\/div>\n\n\t\t\t\t\t<div id=\"elementor-tab-content-7066\" class=\"elementor-tab-content elementor-clearfix\" data-tab=\"6\" role=\"region\" aria-labelledby=\"elementor-tab-title-7066\"><ul><li>Motor (revizyon dahil)<\/li><li>\u015eanzuman (revisyon dahil)<\/li><\/ul><\/div>\n\t\t\t\t<\/div>\n\t\t\t\t\t\t\t<div class=\"elementor-toggle-item\">\n\t\t\t\t\t<div id=\"elementor-tab-title-7067\" class=\"elementor-tab-title\" data-tab=\"7\" role=\"button\" aria-controls=\"elementor-tab-content-7067\" aria-expanded=\"false\">\n\t\t\t\t\t\t\t\t\t\t\t\t<span class=\"elementor-toggle-icon elementor-toggle-icon-left\" aria-hidden=\"true\">\n\t\t\t\t\t\t\t\t\t\t\t\t\t\t\t<span class=\"elementor-toggle-icon-closed\"><i class=\"fas fa-caret-right\"><\/i><\/span>\n\t\t\t\t\t\t\t\t<span class=\"elementor-toggle-icon-opened\"><i class=\"elementor-toggle-icon-opened fas fa-caret-up\"><\/i><\/span>\n\t\t\t\t\t\t\t\t\t\t\t\t\t<\/span>\n\t\t\t\t\t\t\t\t\t\t\t\t<a class=\"elementor-toggle-title\" tabindex=\"0\">Elektrik \/ Elektronik<\/a>\n\t\t\t\t\t<\/div>\n\n\t\t\t\t\t<div id=\"elementor-tab-content-7067\" class=\"elementor-tab-content elementor-clearfix\" data-tab=\"7\" role=\"region\" aria-labelledby=\"elementor-tab-title-7067\"><ul><li>Ak\u00fc<\/li><li>ECU<\/li><li>Sens\u00f6rler<\/li><li>Ayd\u0131nlatma Elemanlar\u0131<\/li><li>Klima<\/li><\/ul><\/div>\n\t\t\t\t<\/div>\n\t\t\t\t\t\t\t<div class=\"elementor-toggle-item\">\n\t\t\t\t\t<div id=\"elementor-tab-title-7068\" class=\"elementor-tab-title\" data-tab=\"8\" role=\"button\" aria-controls=\"elementor-tab-content-7068\" aria-expanded=\"false\">\n\t\t\t\t\t\t\t\t\t\t\t\t<span class=\"elementor-toggle-icon elementor-toggle-icon-left\" aria-hidden=\"true\">\n\t\t\t\t\t\t\t\t\t\t\t\t\t\t\t<span class=\"elementor-toggle-icon-closed\"><i class=\"fas fa-caret-right\"><\/i><\/span>\n\t\t\t\t\t\t\t\t<span class=\"elementor-toggle-icon-opened\"><i class=\"elementor-toggle-icon-opened fas fa-caret-up\"><\/i><\/span>\n\t\t\t\t\t\t\t\t\t\t\t\t\t<\/span>\n\t\t\t\t\t\t\t\t\t\t\t\t<a class=\"elementor-toggle-title\" tabindex=\"0\">Y\u00fcr\u00fcyen Aksam<\/a>\n\t\t\t\t\t<\/div>\n\n\t\t\t\t\t<div id=\"elementor-tab-content-7068\" class=\"elementor-tab-content elementor-clearfix\" data-tab=\"8\" role=\"region\" aria-labelledby=\"elementor-tab-title-7068\"><ul><li>Fren Sistemleri<\/li><li>Amortis\u00f6r<\/li><li>S\u00fcspansiyon<\/li><li>Lastikler<\/li><\/ul><\/div>\n\t\t\t\t<\/div>\n\t\t\t\t\t\t\t<div class=\"elementor-toggle-item\">\n\t\t\t\t\t<div id=\"elementor-tab-title-7069\" class=\"elementor-tab-title\" data-tab=\"9\" role=\"button\" aria-controls=\"elementor-tab-content-7069\" aria-expanded=\"false\">\n\t\t\t\t\t\t\t\t\t\t\t\t<span class=\"elementor-toggle-icon elementor-toggle-icon-left\" aria-hidden=\"true\">\n\t\t\t\t\t\t\t\t\t\t\t\t\t\t\t<span class=\"elementor-toggle-icon-closed\"><i class=\"fas fa-caret-right\"><\/i><\/span>\n\t\t\t\t\t\t\t\t<span class=\"elementor-toggle-icon-opened\"><i class=\"elementor-toggle-icon-opened fas fa-caret-up\"><\/i><\/span>\n\t\t\t\t\t\t\t\t\t\t\t\t\t<\/span>\n\t\t\t\t\t\t\t\t\t\t\t\t<a class=\"elementor-toggle-title\" tabindex=\"0\">Aksesuar Montaj\u0131<\/a>\n\t\t\t\t\t<\/div>\n\n\t\t\t\t\t<div id=\"elementor-tab-content-7069\" class=\"elementor-tab-content elementor-clearfix\" data-tab=\"9\" role=\"region\" aria-labelledby=\"elementor-tab-title-7069\"><ul><li>Park Sens\u00f6r\u00fc<\/li><li>H\u0131z Sabitleyici<\/li><li>Ger G\u00f6r\u00fc\u015f Kameras\u0131<\/li><\/ul><\/div>\n\t\t\t\t<\/div>\n\t\t\t\t\t\t\t\t<\/div>\n\t\t\t\t\t\t<\/div>\n\t\t\t\t<\/div>\n\t\t\t\t\t<\/div>\n\t\t<\/div>\n\t\t\t\t\t<\/div>\n\t\t<\/section>\n\t\t\t\t<\/div>\n\t\t","protected":false},"excerpt":{"rendered":"<p>Genel Ara\u00e7 Teslim&nbsp;&nbsp;Ara\u00e7 teslim alma, ara\u00e7 kabul dan\u0131\u015fman\u0131 taraf\u0131ndan ara\u00e7 \u00f6n kotrol (ara\u00e7 i\u00e7indeki e\u015fyalar, yakit, ara\u00e7ta olu\u015fan \u00e7izik, genel durum) yap\u0131larak al\u0131n\u0131r. Veya m\u00fc\u015fteri isterse i\u015f yeri veya evinden de teslim alinabilir, yerinde teslim edilebilir. Yerinde \u00f6deme kolayl\u0131\u011f\u0131 da sa\u011flanabilir. Te\u015fhis&nbsp; Steteskop, test cihaz\u0131, boya kal\u0131nl\u0131k cihaz\u0131, klima ka\u00e7ak cihaz\u0131, karbon dioksit \u00f6l\u00e7\u00fcm cihaz\u0131 [&hellip;]<\/p>\n","protected":false},"author":1,"featured_media":0,"parent":0,"menu_order":0,"comment_status":"closed","ping_status":"closed","template":"","meta":{"zakra_sidebar_layout":"customizer","zakra_remove_content_margin":false,"zakra_sidebar":"customizer","zakra_transparent_header":"customizer","zakra_logo":0,"zakra_main_header_style":"default","zakra_menu_item_color":"","zakra_menu_item_hover_color":"","zakra_menu_item_active_color":"","zakra_menu_active_style":"","zakra_page_header":true,"footnotes":""},"class_list":["post-215","page","type-page","status-publish","hentry"],"_links":{"self":[{"href":"https:\/\/www.atatoyota.com\/index.php\/wp-json\/wp\/v2\/pages\/215","targetHints":{"allow":["GET"]}}],"collection":[{"href":"https:\/\/www.atatoyota.com\/index.php\/wp-json\/wp\/v2\/pages"}],"about":[{"href":"https:\/\/www.atatoyota.com\/index.php\/wp-json\/wp\/v2\/types\/page"}],"author":[{"embeddable":true,"href":"https:\/\/www.atatoyota.com\/index.php\/wp-json\/wp\/v2\/users\/1"}],"replies":[{"embeddable":true,"href":"https:\/\/www.atatoyota.com\/index.php\/wp-json\/wp\/v2\/comments?post=215"}],"version-history":[{"count":18,"href":"https:\/\/www.atatoyota.com\/index.php\/wp-json\/wp\/v2\/pages\/215\/revisions"}],"predecessor-version":[{"id":2079,"href":"https:\/\/www.atatoyota.com\/index.php\/wp-json\/wp\/v2\/pages\/215\/revisions\/2079"}],"wp:attachment":[{"href":"https:\/\/www.atatoyota.com\/index.php\/wp-json\/wp\/v2\/media?parent=215"}],"curies":[{"name":"wp","href":"https:\/\/api.w.org\/{rel}","templated":true}]}}